{"id":12,"date":"2017-01-13T08:26:55","date_gmt":"2017-01-13T07:26:55","guid":{"rendered":"http:\/\/www.darul-islah.org\/?page_id=12"},"modified":"2024-10-23T08:12:41","modified_gmt":"2024-10-23T06:12:41","slug":"programm","status":"publish","type":"page","link":"https:\/\/www.darul-islah.org\/index.php\/programm\/","title":{"rendered":"Programm"},"content":{"rendered":"<p>Seit 2016 bieten wir Alhamdulillah zus\u00e4tzlich auch Sprach-Unterricht in Urdu an. Die Kinder lernen in 2 Altersgruppen die Sprache Urdu (lesen und schreiben). Die Kleinkinder werden in einem sep. Spielraum betreut.\u00a0 Den individuelle Unterricht k\u00f6nnen wir auch ausserhalb diesen Zeiten organisieren. Dies ist f\u00fcr die musl. jugendlichen und erwachsenen ideal die ihr Wissen \u00fcber den Islam nachholen bzw. vertiefen wollen. Dies kann \u00fcber den <a title=\"Kontakformular\" href=\"https:\/\/www.darul-islah.org\/index.php\/kontakt\/\">Kontaktformular<\/a> angefragt werden.\u00a0<\/p>\n<p>Der Unterricht f\u00fcr muslimische Kinder bei <a href=\"http:\/\/www.darul-islah.org\/\">darul-islah Verein Regensdorf\u00a0<\/a>findet sonntags jeweils wie folgt statt. Im Sommer beginnt der Unterricht 1 Stunde sp\u00e4ter d.h um 14:00<\/p>\n<p><strong>13: 00 Beginn des Programms (Winterzeit)<br \/><\/strong><strong>&#8212;&#8212;&#8212;&#8212;&#8212;&#8212;&#8212;&#8212;&#8212;&#8212;&#8212;&#8212;&#8212;&#8212;&#8212;&#8212;&#8212;&#8212;&#8212;&#8212;&#8212;&#8212;&#8212;&#8212;&#8212;&#8212;&#8212;&#8212;&#8212;&#8212;&#8212;&#8212;&#8212;&#8212;&#8212;&#8212;&#8212;&#8212;&#8212;&#8212;&#8211;<\/strong><\/p>\n<p><strong>Frauengruppe<\/strong><\/p>\n<p>13:00- 15:30\u00a0 Quran lernen \/ Audio\/Video Tafseer \/\u00a0<\/p>\n<p><strong>&#8212;&#8212;&#8212;&#8212;&#8212;&#8212;&#8212;&#8212;&#8212;&#8212;&#8212;&#8212;&#8212;&#8212;&#8212;&#8212;&#8212;&#8212;&#8212;&#8212;&#8212;&#8212;&#8212;&#8212;&#8212;&#8212;&#8212;&#8212;&#8212;&#8212;&#8212;&#8212;&#8212;&#8212;&#8212;&#8212;&#8212;&#8212;&#8212;&#8212;&#8211;<\/strong><\/p>\n<p><strong>Herrengruppe<\/strong><\/p>\n<p>13:00 &#8211; 14:30 Audio\/Video Tafseer &amp; Bayan<\/p>\n<p><strong>&#8212;&#8212;&#8212;&#8212;&#8212;&#8212;&#8212;&#8212;&#8212;&#8212;&#8212;&#8212;&#8212;&#8212;&#8212;&#8212;&#8212;&#8212;&#8212;&#8212;&#8212;&#8212;&#8212;&#8212;&#8212;&#8212;&#8212;&#8212;&#8212;&#8212;&#8212;&#8212;&#8212;&#8212;&#8212;&#8212;&#8212;&#8212;&#8212;&#8212;&#8211;<\/strong><\/p>\n<p><strong>Spielgruppe bzw. Kinderbetreuung (bis 5 Jahre)<\/strong><\/p>\n<p>13:00 &#8211; 15:30\u00a0<\/p>\n<p><strong>&#8212;&#8212;&#8212;&#8212;&#8212;&#8212;&#8212;&#8212;&#8212;&#8212;&#8212;&#8212;&#8212;&#8212;&#8212;&#8212;&#8212;&#8212;&#8212;&#8212;&#8212;&#8212;&#8212;&#8212;&#8212;&#8212;&#8212;&#8212;&#8212;&#8212;&#8212;&#8212;&#8212;&#8212;&#8212;&#8212;&#8212;&#8212;&#8212;&#8212;&#8211;<\/strong><\/p>\n<p><strong>Kinder ab 5 Jahre ( 3 Gruppen, 5- 18 Jahre)<\/strong><\/p>\n<p>13:00 &#8211; 14:00 Quran Unterricht<\/p>\n<p><strong>&#8212;&#8212;&#8212;&#8212;&#8212;&#8212;&#8212;&#8212;&#8212;&#8212;&#8212;&#8212;&#8212;&#8212;&#8212;&#8212;&#8212;&#8212;&#8212;&#8212;&#8212;&#8212;&#8212;&#8212;&#8212;&#8212;&#8212;&#8212;&#8212;&#8212;&#8212;&#8212;&#8212;&#8212;&#8212;&#8212;&#8212;&#8212;&#8212;&#8212;&#8211;<\/strong><\/p>\n<p><strong>Religionsunterricht ab 5 Jahre (3 Gruppen, 5-18 Jahre)<\/strong><\/p>\n<p>14:30 &#8211; 15:30<\/p>\n<p><strong>&#8212;&#8212;&#8212;&#8212;&#8212;&#8212;&#8212;&#8212;&#8212;&#8212;&#8212;&#8212;&#8212;&#8212;&#8212;&#8212;&#8212;&#8212;&#8212;&#8212;&#8212;&#8212;&#8212;&#8212;&#8212;&#8212;&#8212;&#8212;&#8212;&#8212;&#8212;&#8212;&#8212;&#8212;&#8212;&#8212;&#8212;&#8212;&#8212;&#8212;&#8211;<\/strong><\/p>\n<p><img loading=\"lazy\" decoding=\"async\" class=\"alignnone size-full wp-image-82\" src=\"http:\/\/www.darul-islah.org\/wp-content\/uploads\/2017\/01\/picotgramm_neu.png\" alt=\"\" width=\"31\" height=\"29\" srcset=\"https:\/\/www.darul-islah.org\/wp-content\/uploads\/2017\/01\/picotgramm_neu.png 31w, https:\/\/www.darul-islah.org\/wp-content\/uploads\/2017\/01\/picotgramm_neu-24x22.png 24w\" sizes=\"auto, (max-width: 31px) 100vw, 31px\" \/>13.00- 14-00<strong>\u00a0Urdu lesen und schreiben<\/strong><\/p>\n<p><strong>&#8212;&#8212;&#8212;&#8212;&#8212;&#8212;&#8212;&#8212;&#8212;&#8212;&#8212;&#8212;&#8212;&#8212;&#8212;&#8212;&#8212;&#8212;&#8212;&#8212;&#8212;&#8212;&#8212;&#8212;&#8212;&#8212;&#8212;&#8212;&#8212;&#8212;&#8212;&#8212;&#8212;&#8212;&#8212;&#8212;&#8212;&#8212;&#8212;&#8212;&#8211;<\/strong><\/p>\n\n","protected":false},"excerpt":{"rendered":"<p>Seit 2016 bieten wir Alhamdulillah zus\u00e4tzlich auch Sprach-Unterricht in Urdu an. Die Kinder lernen in 2 Altersgruppen die Sprache Urdu (lesen und schreiben). Die Kleinkinder werden in einem sep. Spielraum betreut.\u00a0 Den individuelle Unterricht k\u00f6nnen wir auch ausserhalb diesen Zeiten <a href=\"https:\/\/www.darul-islah.org\/index.php\/programm\/\" class=\"read-more\">Read More &#8230;<\/a><\/p>\n","protected":false},"author":1,"featured_media":78,"parent":0,"menu_order":0,"comment_status":"closed","ping_status":"closed","template":"","meta":{"footnotes":""},"class_list":["post-12","page","type-page","status-publish","has-post-thumbnail","hentry"],"yoast_head":"<!-- This site is optimized with the Yoast SEO plugin v27.0 - https:\/\/yoast.com\/product\/yoast-seo-wordpress\/ -->\n<title>Der Unterricht f\u00fcr muslimische Kinder | darul-islah Verein in Regensdorf<\/title>\n<meta name=\"description\" content=\"Koran lernen nach Tajweed Regeln. Basiswissen Islam basierend auf 5 S\u00e4ulen. Die kleinen Kindern lernen spielerisch den Islam durch Malen und Basteln. Der Unterricht f\u00fcr muslimische Kinder\" \/>\n<meta name=\"robots\" content=\"index, follow, max-snippet:-1, max-image-preview:large, max-video-preview:-1\" \/>\n<link rel=\"canonical\" href=\"https:\/\/www.darul-islah.org\/index.php\/programm\/\" \/>\n<meta property=\"og:locale\" content=\"de_DE\" \/>\n<meta property=\"og:type\" content=\"article\" \/>\n<meta property=\"og:title\" content=\"Der Unterricht f\u00fcr muslimische Kinder | darul-islah Verein in Regensdorf\" \/>\n<meta property=\"og:description\" content=\"Koran lernen nach Tajweed Regeln. Basiswissen Islam basierend auf 5 S\u00e4ulen. Die kleinen Kindern lernen spielerisch den Islam durch Malen und Basteln. Der Unterricht f\u00fcr muslimische Kinder\" \/>\n<meta property=\"og:url\" content=\"https:\/\/www.darul-islah.org\/index.php\/programm\/\" \/>\n<meta property=\"og:site_name\" content=\"darul-islah.org\" \/>\n<meta property=\"article:publisher\" content=\"https:\/\/www.facebook.com\/darul.islah.verein\/\" \/>\n<meta property=\"article:modified_time\" content=\"2024-10-23T06:12:41+00:00\" \/>\n<meta property=\"og:image\" content=\"https:\/\/www.darul-islah.org\/wp-content\/uploads\/2017\/01\/bild-zeit-e1510564282187.jpg\" \/>\n\t<meta property=\"og:image:width\" content=\"300\" \/>\n\t<meta property=\"og:image:height\" content=\"150\" \/>\n\t<meta property=\"og:image:type\" content=\"image\/jpeg\" \/>\n<meta name=\"twitter:card\" content=\"summary_large_image\" \/>\n<meta name=\"twitter:label1\" content=\"Gesch\u00e4tzte Lesezeit\" \/>\n\t<meta name=\"twitter:data1\" content=\"2\u00a0Minuten\" \/>\n<script type=\"application\/ld+json\" class=\"yoast-schema-graph\">{\"@context\":\"https:\/\/schema.org\",\"@graph\":[{\"@type\":\"WebPage\",\"@id\":\"https:\/\/www.darul-islah.org\/index.php\/programm\/\",\"url\":\"https:\/\/www.darul-islah.org\/index.php\/programm\/\",\"name\":\"Der Unterricht f\u00fcr muslimische Kinder | darul-islah Verein in Regensdorf\",\"isPartOf\":{\"@id\":\"https:\/\/www.darul-islah.org\/#website\"},\"primaryImageOfPage\":{\"@id\":\"https:\/\/www.darul-islah.org\/index.php\/programm\/#primaryimage\"},\"image\":{\"@id\":\"https:\/\/www.darul-islah.org\/index.php\/programm\/#primaryimage\"},\"thumbnailUrl\":\"https:\/\/www.darul-islah.org\/wp-content\/uploads\/2017\/01\/bild-zeit-e1510564282187.jpg\",\"datePublished\":\"2017-01-13T07:26:55+00:00\",\"dateModified\":\"2024-10-23T06:12:41+00:00\",\"description\":\"Koran lernen nach Tajweed Regeln. Basiswissen Islam basierend auf 5 S\u00e4ulen. Die kleinen Kindern lernen spielerisch den Islam durch Malen und Basteln. Der Unterricht f\u00fcr muslimische Kinder\",\"breadcrumb\":{\"@id\":\"https:\/\/www.darul-islah.org\/index.php\/programm\/#breadcrumb\"},\"inLanguage\":\"de-CH\",\"potentialAction\":[{\"@type\":\"ReadAction\",\"target\":[\"https:\/\/www.darul-islah.org\/index.php\/programm\/\"]}]},{\"@type\":\"ImageObject\",\"inLanguage\":\"de-CH\",\"@id\":\"https:\/\/www.darul-islah.org\/index.php\/programm\/#primaryimage\",\"url\":\"https:\/\/www.darul-islah.org\/wp-content\/uploads\/2017\/01\/bild-zeit-e1510564282187.jpg\",\"contentUrl\":\"https:\/\/www.darul-islah.org\/wp-content\/uploads\/2017\/01\/bild-zeit-e1510564282187.jpg\",\"width\":300,\"height\":150,\"caption\":\"Clock faces, calendars and diary\"},{\"@type\":\"BreadcrumbList\",\"@id\":\"https:\/\/www.darul-islah.org\/index.php\/programm\/#breadcrumb\",\"itemListElement\":[{\"@type\":\"ListItem\",\"position\":1,\"name\":\"Home\",\"item\":\"https:\/\/www.darul-islah.org\/\"},{\"@type\":\"ListItem\",\"position\":2,\"name\":\"Programm\"}]},{\"@type\":\"WebSite\",\"@id\":\"https:\/\/www.darul-islah.org\/#website\",\"url\":\"https:\/\/www.darul-islah.org\/\",\"name\":\"darul-islah.org\",\"description\":\"Daru-lislah Verein\",\"publisher\":{\"@id\":\"https:\/\/www.darul-islah.org\/#organization\"},\"potentialAction\":[{\"@type\":\"SearchAction\",\"target\":{\"@type\":\"EntryPoint\",\"urlTemplate\":\"https:\/\/www.darul-islah.org\/?s={search_term_string}\"},\"query-input\":{\"@type\":\"PropertyValueSpecification\",\"valueRequired\":true,\"valueName\":\"search_term_string\"}}],\"inLanguage\":\"de-CH\"},{\"@type\":\"Organization\",\"@id\":\"https:\/\/www.darul-islah.org\/#organization\",\"name\":\"Darul-Islah Verein\",\"url\":\"https:\/\/www.darul-islah.org\/\",\"logo\":{\"@type\":\"ImageObject\",\"inLanguage\":\"de-CH\",\"@id\":\"https:\/\/www.darul-islah.org\/#\/schema\/logo\/image\/\",\"url\":\"https:\/\/www.darul-islah.org\/wp-content\/uploads\/2017\/11\/logo_small.jpg\",\"contentUrl\":\"https:\/\/www.darul-islah.org\/wp-content\/uploads\/2017\/11\/logo_small.jpg\",\"width\":256,\"height\":256,\"caption\":\"Darul-Islah Verein\"},\"image\":{\"@id\":\"https:\/\/www.darul-islah.org\/#\/schema\/logo\/image\/\"},\"sameAs\":[\"https:\/\/www.facebook.com\/darul.islah.verein\/\"]}]}<\/script>\n<!-- \/ Yoast SEO plugin. -->","yoast_head_json":{"title":"Der Unterricht f\u00fcr muslimische Kinder | darul-islah Verein in Regensdorf","description":"Koran lernen nach Tajweed Regeln. Basiswissen Islam basierend auf 5 S\u00e4ulen. Die kleinen Kindern lernen spielerisch den Islam durch Malen und Basteln. Der Unterricht f\u00fcr muslimische Kinder","robots":{"index":"index","follow":"follow","max-snippet":"max-snippet:-1","max-image-preview":"max-image-preview:large","max-video-preview":"max-video-preview:-1"},"canonical":"https:\/\/www.darul-islah.org\/index.php\/programm\/","og_locale":"de_DE","og_type":"article","og_title":"Der Unterricht f\u00fcr muslimische Kinder | darul-islah Verein in Regensdorf","og_description":"Koran lernen nach Tajweed Regeln. Basiswissen Islam basierend auf 5 S\u00e4ulen. Die kleinen Kindern lernen spielerisch den Islam durch Malen und Basteln. Der Unterricht f\u00fcr muslimische Kinder","og_url":"https:\/\/www.darul-islah.org\/index.php\/programm\/","og_site_name":"darul-islah.org","article_publisher":"https:\/\/www.facebook.com\/darul.islah.verein\/","article_modified_time":"2024-10-23T06:12:41+00:00","og_image":[{"width":300,"height":150,"url":"https:\/\/www.darul-islah.org\/wp-content\/uploads\/2017\/01\/bild-zeit-e1510564282187.jpg","type":"image\/jpeg"}],"twitter_card":"summary_large_image","twitter_misc":{"Gesch\u00e4tzte Lesezeit":"2\u00a0Minuten"},"schema":{"@context":"https:\/\/schema.org","@graph":[{"@type":"WebPage","@id":"https:\/\/www.darul-islah.org\/index.php\/programm\/","url":"https:\/\/www.darul-islah.org\/index.php\/programm\/","name":"Der Unterricht f\u00fcr muslimische Kinder | darul-islah Verein in Regensdorf","isPartOf":{"@id":"https:\/\/www.darul-islah.org\/#website"},"primaryImageOfPage":{"@id":"https:\/\/www.darul-islah.org\/index.php\/programm\/#primaryimage"},"image":{"@id":"https:\/\/www.darul-islah.org\/index.php\/programm\/#primaryimage"},"thumbnailUrl":"https:\/\/www.darul-islah.org\/wp-content\/uploads\/2017\/01\/bild-zeit-e1510564282187.jpg","datePublished":"2017-01-13T07:26:55+00:00","dateModified":"2024-10-23T06:12:41+00:00","description":"Koran lernen nach Tajweed Regeln. Basiswissen Islam basierend auf 5 S\u00e4ulen. Die kleinen Kindern lernen spielerisch den Islam durch Malen und Basteln. Der Unterricht f\u00fcr muslimische Kinder","breadcrumb":{"@id":"https:\/\/www.darul-islah.org\/index.php\/programm\/#breadcrumb"},"inLanguage":"de-CH","potentialAction":[{"@type":"ReadAction","target":["https:\/\/www.darul-islah.org\/index.php\/programm\/"]}]},{"@type":"ImageObject","inLanguage":"de-CH","@id":"https:\/\/www.darul-islah.org\/index.php\/programm\/#primaryimage","url":"https:\/\/www.darul-islah.org\/wp-content\/uploads\/2017\/01\/bild-zeit-e1510564282187.jpg","contentUrl":"https:\/\/www.darul-islah.org\/wp-content\/uploads\/2017\/01\/bild-zeit-e1510564282187.jpg","width":300,"height":150,"caption":"Clock faces, calendars and diary"},{"@type":"BreadcrumbList","@id":"https:\/\/www.darul-islah.org\/index.php\/programm\/#breadcrumb","itemListElement":[{"@type":"ListItem","position":1,"name":"Home","item":"https:\/\/www.darul-islah.org\/"},{"@type":"ListItem","position":2,"name":"Programm"}]},{"@type":"WebSite","@id":"https:\/\/www.darul-islah.org\/#website","url":"https:\/\/www.darul-islah.org\/","name":"darul-islah.org","description":"Daru-lislah Verein","publisher":{"@id":"https:\/\/www.darul-islah.org\/#organization"},"potentialAction":[{"@type":"SearchAction","target":{"@type":"EntryPoint","urlTemplate":"https:\/\/www.darul-islah.org\/?s={search_term_string}"},"query-input":{"@type":"PropertyValueSpecification","valueRequired":true,"valueName":"search_term_string"}}],"inLanguage":"de-CH"},{"@type":"Organization","@id":"https:\/\/www.darul-islah.org\/#organization","name":"Darul-Islah Verein","url":"https:\/\/www.darul-islah.org\/","logo":{"@type":"ImageObject","inLanguage":"de-CH","@id":"https:\/\/www.darul-islah.org\/#\/schema\/logo\/image\/","url":"https:\/\/www.darul-islah.org\/wp-content\/uploads\/2017\/11\/logo_small.jpg","contentUrl":"https:\/\/www.darul-islah.org\/wp-content\/uploads\/2017\/11\/logo_small.jpg","width":256,"height":256,"caption":"Darul-Islah Verein"},"image":{"@id":"https:\/\/www.darul-islah.org\/#\/schema\/logo\/image\/"},"sameAs":["https:\/\/www.facebook.com\/darul.islah.verein\/"]}]}},"_links":{"self":[{"href":"https:\/\/www.darul-islah.org\/index.php\/wp-json\/wp\/v2\/pages\/12","targetHints":{"allow":["GET"]}}],"collection":[{"href":"https:\/\/www.darul-islah.org\/index.php\/wp-json\/wp\/v2\/pages"}],"about":[{"href":"https:\/\/www.darul-islah.org\/index.php\/wp-json\/wp\/v2\/types\/page"}],"author":[{"embeddable":true,"href":"https:\/\/www.darul-islah.org\/index.php\/wp-json\/wp\/v2\/users\/1"}],"replies":[{"embeddable":true,"href":"https:\/\/www.darul-islah.org\/index.php\/wp-json\/wp\/v2\/comments?post=12"}],"version-history":[{"count":23,"href":"https:\/\/www.darul-islah.org\/index.php\/wp-json\/wp\/v2\/pages\/12\/revisions"}],"predecessor-version":[{"id":23351,"href":"https:\/\/www.darul-islah.org\/index.php\/wp-json\/wp\/v2\/pages\/12\/revisions\/23351"}],"wp:featuredmedia":[{"embeddable":true,"href":"https:\/\/www.darul-islah.org\/index.php\/wp-json\/wp\/v2\/media\/78"}],"wp:attachment":[{"href":"https:\/\/www.darul-islah.org\/index.php\/wp-json\/wp\/v2\/media?parent=12"}],"curies":[{"name":"wp","href":"https:\/\/api.w.org\/{rel}","templated":true}]}}